= 2*x + 61. Let q(j) = 2*c(j) - 13*v(j). Determine q(7).
-43
Let s(t) = -4*t**2 - 27*t + 8. Let p(z) = -3*z**2 - 18*z + 5. Let d = -34 + 64. Suppose 9*u - d = 3*u. Let y(f) = u*s(f) - 7*p(f). What is y(7)?
-9
Let a(v) = 5*v - 46. Suppose 7 = 2*t + 41*h - 38*h, -2*h + 2 = t. Calculate a(t).
-6
Let y(p) = -11*p - 36. Let g(o) = 10*o + 29. Let r(w) = -5*g(w) - 4*y(w). Let m = -6 - -10. Let z(h) = -h**2 + 5*h - 6. Let q be z(m). Give r(q).
11
Let b(z) = -6*z**2 + 1. Let c(a) = -13*a**2 - 2*a - 3. Let t(h) = -13*h**2 - 3*h - 5. Let i(o) = -4*c(o) + 3*t(o). Let j(v) = -5*b(v) - 2*i(v). What is j(2)?
21
Let p(t) = -18*t + 36. Let y(o) = 135*o - 1616. Let r be y(12). Give p(r).
-36
Let v(p) = -p**2 + 6*p - 7. Let k = -227 - -126. Let i = 11039 - 11133. Let h = i - k. Calculate v(h).
-14
Let p(r) be the second derivative of -r**4/12 + r**3 + 3*r**2/2 - 3*r. Let s(u) be the first derivative of p(u). Let k = 3085 - 3080. Give s(k).
-4
Let w(c) be the first derivative of -2*c**2 - 2*c**2 + 3*c**2 + 14 - 2*c - 11 - 2*c**3. Suppose -2*t + 5*x - 19 = 0, 10*t - 6*t + 11 = x. Calculate w(t).
-22
Let i(f) = -4*f**3 - 19*f**2 + 9*f + 13. Let o(m) = 9*m**3 + 38*m**2 - 19*m - 42. Let c(s) = 5*i(s) + 2*o(s). What is c(-10)?
11
Let a = -220 - -311. Let i(p) = 181*p - 82*p - a*p. What is i(1)?
8
Let g(w) be the third derivative of -w**7/840 + w**6/90 + w**4/12 - 22*w**3 - 4*w**2 - 11. Let k(i) be the first derivative of g(i). Determine k(5).
-23
Let b(r) = r**2 + 8*r + 6. Let l be b(-7). Let i(g) = -8*g. Suppose 5 = -210*a + 215*a. Let t(n) = -n + 1. Let w(p) = a*t(p) - i(p). What is w(l)?
-6
Suppose 409 = -24*p + 190 + 171. Let o(x) = -4*x**3 - x**2 - 3*x + 2. Give o(p).
36
Let s(z) = 32*z**3 + 17*z**2 - 8*z - 48. Let b(v) = -13*v**3 - 8*v**2 + 3*v + 23. Let q(d) = -5*b(d) - 2*s(d). Determine q(-7).
-75
Let p(y) = -700*y - 7 - 697*y - 701*y + 2111*y + y**2 + 34. Determine p(-11).
5
Let s = -9061 - -9077. Suppose -5*f + 86 + 69 = 0. Let u(h) = -13 - s + f + 3*h + 3*h**2. Give u(-2).
8
Let s(w) = -2*w**2 + 6*w. Let j be s(4). Let o(t) be the first derivative of -35*t - t**2 + 15*t + 0*t**2 + 9*t + 2. Give o(j).
5
Suppose -5*u - 2*v + 5 = 0, -163*v = 6*u - 162*v - 13. Let z(g) = -3 - g + 3*g**2 - g**3 + 3. Calculate z(u).
-3
Let f(t) = 12*t + 1. Let x(h) = -h**3 + 6*h**2 - 2*h - 16. Let u(g) = -g**2 + 7*g + 31. Let z be u(-7). Let i = -62 - z. Let o be x(i). Calculate f(o).
-11
Suppose 138*r + 126 = 144*r. Suppose -19*b + 2*x + r = -24*b, -9 = 3*x. Let v(d) = d**3 + d - 1. Let j(t) = -t**2 - 1. Let f(y) = j(y) - v(y). What is f(b)?
21
Let s(d) = -2*d + 6. Let a(k) = -2*k + 6. Let g(i) = 5*a(i) - 4*s(i). Let j = 143 + -140. Determine g(j).
0
Let a(h) be the second derivative of -h**5/20 + h**3/3 - h**2 - 253*h + 2. Give a(-2).
2
Let v(k) = k**2 - 25*k + 77. Let c be v(4). Let y be (5 + -5 + 1)*c. Let h(g) = -g**3 - 8*g**2 - 9*g - 6. What is h(y)?
8
Let o = 11681 + -11675. Let m(f) = 2*f - 4. What is m(o)?
8
Let a(g) = -3*g**3 + g**2. Let c(j) = 11*j**3 - 9*j**2 - 5*j - 5. Let v(y) = -8*a(y) - c(y). Calculate v(-2).
-105
Let j(w) = w**2 - 20*w - 1. Let s(t) = -8*t**2 + 99*t - 18. Let o(v) = -6*j(v) - s(v). Determine o(-8).
-16
Let v(b) = 6*b - 20. Let j(u) = -8*u + 69 - 18*u + 13*u - 8*u. Let p(y) = -5*j(y) - 18*v(y). Give p(7).
-6
Let j(c) = 428*c - 4 - 7 + 3 - 429*c. Suppose 22 + 58 = 8*v. Let d be v/10*0/(-1). Calculate j(d).
-8
Let v be ((-390)/70 + 5)*(-2 + -5). Let m(n) = -4*n + 39*n**3 + 3 + v*n**2 - 65*n**3 + 27*n**3. Calculate m(-4).
19
Let p be ((-44)/(-10) + -5)*-5. Let l(u) be the second derivative of u**4/3 - 5*u**3/6 + 3*u**2/2 + 4*u + 8. Calculate l(p).
24
Suppose -37*g + 33*g = -16. Let f(s) = -1 - 2*s**2 - 5 + s**3 - s + g - 2*s**2. Suppose 2*b - 6 = 2. Determine f(b).
-6
Suppose -y - 7*y + 4*y = 0. Suppose y = 7*a - 4 - 3. Let n(i) = -6*i**2 + 9*i**2 + i**2. Calculate n(a).
4
Let o(p) = -p**2 + 4*p + 12. Let q(k) = k**2 - 7*k - 23. Let z(d) = -5*o(d) - 3*q(d). Give z(4).
45
Let g = -6844 + 6841. Let j(u) = -11*u + 5. Give j(g).
38
Let q(o) = o**3 + o**2 - 2*o - 2. Let g(m) = -m**2 + 0*m**2 + m + 3*m**2 - 3*m. Let n be g(5). Let z = n + -43. Calculate q(z).
-14
Let j be (-9 - (-115)/10)*(-34)/(-85). Let o(k) = 8*k**2 - k + 3. Determine o(j).
10
Let p(l) = 4 - 7*l**2 - 138*l + 1 + 132*l. Let y be (10/8)/(1/4). Let i(z) = 3*z**2 + 3*z - 3. Let m(c) = y*i(c) + 2*p(c). Calculate m(-4).
-1
Let z(n) be the first derivative of n**4/4 + n**3/3 + n - 1352. Let r(k) = 0*k - 5*k**3 - k + 4*k**3 + k**2. Let f be r(0). Give z(f).
1
Let i(r) = 15*r + 1. Let b(w) = 60*w + 5. Let x(m) = 2*b(m) - 9*i(m). Suppose 0 = -51*v - 573*v - 624. Determine x(v).
16
Suppose -38 = -p - 16. Let z be 26/52 - (p/4 + 1). Let y(j) = 5 + 3*j**2 - 2*j**2 + 3*j + 3*j. Calculate y(z).
5
Let x(a) be the first derivative of -1/2*a**2 - 33 + a. Calculate x(6).
-5
Let z(m) = -m - 15. Suppose 30*u - 27*u = 96. Suppose -3*o - u = v + 3*v, -4*o - 6 = 2*v. Give z(v).
-4
Let k(c) be the first derivative of -c**3/3 + 2*c**2 - 3. Let q be 1*-7*-1 - (-438 + 440). Give k(q).
-5
Let o(j) = -68 + 180 - 57 - 62 - 4*j. Calculate o(-12).
41
Let v(a) = -a**3 + 3*a**2 + 16*a - 18. Let m(w) = 2*w**3 - 5*w**2 - 31*w + 34. Let x = -438 + 444. Let f(l) = x*m(l) + 11*v(l). Give f(-5).
6
Suppose -32 = -4*b + 4*y, 4*y - 7*y - 15 = 0. Let q(n) = 1 - 5*n**2 - 3*n + 0*n**2 + 2*n**2 - 3*n**2 + 0*n**b + n**3. Calculate q(6).
-17
Let a(l) = 31*l - 181. Let h(z) = -16*z + 99. Let d(f) = 6*a(f) + 11*h(f). What is d(4)?
43
Let p(d) = 6*d**2 + 10*d - 5. Let g(v) = -17*v**2 - 30*v + 15. Let r(l) = -4*g(l) - 11*p(l). Let x(z) = -z - 17. Let t be x(-11). Calculate r(t).
7
Let k(l) be the second derivative of -l**3/6 + 5*l**2/2 - 2*l. Suppose -4*p - 3*g + 260 = 262, -3*g + 3 = 3*p. Calculate k(p).
10
Let p(z) = -z**3 + 7*z**2 - 3*z - 3. Suppose 0 = 12*q - 11*q + 50. Let v = q + 50. Suppose 3*d = -v*d + 6, -d - 4 = -m. Calculate p(m).
15
Let t(m) = -m**2 - 10*m + 23. Let v be t(2). Let c(s) = 8*s - 1. Let x(g) = g. Let w(d) = -c(d) - x(d). Calculate w(v).
10
Let t = -8037 + 8041. Let y(f) = 2*f**2 + 17*f - 88. What is y(t)?
12
Let u(z) be the first derivative of -140 + 2*z + 0*z**2 - 1/3*z**3. Give u(2).
-2
Let l(x) = 30*x - 12. Let r be (((-333)/185)/((-12)/10))/((-9)/(-6)). Calculate l(r).
18
Suppose -v = 3*i + 1, -3*v + 1 = -2*i - 4*v. Suppose i*n + n = 4. Let p(m) be the first derivative of m**4/4 - 5*m**3/3 + 5*m**2/2 - 5*m + 6. Give p(n).
-1
Let u(t) = -t**3 + 9*t**2 - 7*t - 1. Suppose 0*f = -3*f - 6. Let q be 51/6 + (0 - (-1)/f). What is u(q)?
7
Let z(w) be the first derivative of -7/3*w**3 + 62 + w**2 + 3*w. Calculate z(-2).
-29
Let a(p) = -2*p**2 - p - 4. Let i(h) = -5*h**2 - h - 35 - 5*h + 13 - 5*h**2. Let m(v) = 11*a(v) - 2*i(v). What is m(3)?
-15
Suppose 0 = -8*k - 35 - 93. Let h(a) = a + 10. Determine h(k).
-6
Let x be 57/(-6)*(-40)/190. Let p(g) be the first derivative of -1/3*g**3 + 0*g + 20 - 2*g**x. Give p(-2).
4
Let z be (-3 - -1) + 0/(-1). Let t(u) = -6*u**2 - 2*u. Let y(g) = g**2 - g - 1. Let v be 11/(-22) - (-6)/4. Let l(x) = v*t(x) + 2*y(x). Give l(z).
-10
Let q(k) = 9*k**3 - 7*k**2 + 11*k - 10. Let r(i) = 6*i**3 - 5*i**2 + 8*i - 7. Let t(u) = 5*q(u) - 7*r(u). What is t(-1)?
-3
Let w(c) = -2*c**3 + 53*c**2 + 14*c - 7. Let y(a) = 5*a**3 - 127*a**2 - 29*a + 14. Let s(x) = -7*w(x) - 3*y(x). Calculate s(7).
77
Let o(a) = -4 + 4 - 5*a + 8*a. Let x = 116 - 108. Suppose -x*z + 0*z - 16 = 0. Give o(z).
-6
Let b = -2596 - -2578. Let r(s) = -6*s - 97. What is r(b)?
11
Let m(t) = t**3 - 3*t**2 - 29*t - 3. Let k be m(-7). Let n = k + 290. Let v(w) = w - 2. Determine v(n).
-2
Let y = 951 - 479. Let p = -478 + y. Let z(t) = -t**3 - 6*t**2 + t - 4. Calculate z(p).
-10
Let m(s) = s**2 + 2*s - 6. Let f be (4*1)/((-1)/(-2)). Let h be 0*((-30)/f)/15. Calculate m(h).
-6
Suppose -181 = -i - 3*q, -5*i - 271 = 4*q - 1165. Let j = i + -130. Let a(p) = -92 + j - p**2 + 49 - p - 4*p. What is a(-8)?
-19
Let i(r) be the second derivative of 2*r**3/3 + r**2 - 1277*r. Suppose -6*p - w = -3*p + 4, 0 = p - 3*w + 18. What is i(p)?
-10
Let a(y) be the first derivative of y**4/4 + 8*y**3/3 - 7*y**2/2 + 8*y + 7190. Give a(-8).
64
Suppose m + 13 = 16. Let d = 23 - 21. Let r(u) = 4*u - 18*u**2 + 10*u**d - 1 + 6*u**2. Determine r(m).
-7
Let g(m